igit of (3 - 7) + 73/(3 + -2)?
9
Suppose -3*p = 0, b + 3*p = 2 + 57. Let n = -35 + b. What is the tens digit of n?
2
Let y be (-3)/4 - 305/20. Let a = y + 25. What is the units digit of a?
9
Suppose -k - 128 = -3*k. Let f be k/(-10) + 8/20. What is the units digit of 2/6 + (-100)/f?
7
Suppose -3*a + 59 = 5*k, -3 = -k + 3*a - 8*a. What is the tens digit of k?
1
Let w(g) = 19*g**2 + 1. Let t be w(-1). Suppose 4*a = -0*a + t. Suppose -4*h = -a*s - 15, -5*h = 2*s - 35 + 8. What is the units digit of s?
1
Let q = -2 - -2. Let t(v) = -v**2 - v + 18. Let a be t(q). Suppose -32 = -3*b - b + 3*g, 2*g + a = 2*b. What is the units digit of b?
5
Suppose 3751 - 1096 = 9*q. What is the units digit of q?
5
Let y = -238 + 371. What is the units digit of y?
3
Let b = 303 + -69. What is the hundreds digit of b?
2
Let l = -8 - -112. Let j be ((-5)/10)/((-2)/l). Suppose 5*t - j - 29 = 0. What is the tens digit of t?
1
What is the tens digit of (-8)/(-12) + (-219)/(-9)?
2
Suppose 2*g = -1 - 5. Let b = -3 - g. Suppose -x = -b*x - 8. What is the units digit of x?
8
Suppose 36 = 2*d + 2*t, -3*d + 0*t = -5*t - 22. Suppose d = -0*u + u. What is the tens digit of u?
1
Let l(p) = -p**3 - 4*p**2 - 4. Let n be l(-4). What is the tens digit of (-21)/2*n/3?
1
Let h(f) = -2*f**3 - 4*f**2 + 3*f + 6. What is the tens digit of h(-3)?
1
Let x(z) = z**3 - 7*z**2 + 4*z - 1. Let u be ((-2)/8)/((-10)/280). What is the tens digit of x(u)?
2
Let g be (-10)/4*24/(-10). Suppose f - 4*t = 18, 2*f = -3*t - g - 2. Suppose 1 = 3*r + f*l, 8*r - 3*r + 3*l = 3. What is the units digit of r?
3
Let s(q) = q**2 + q - 4. Let f be s(-3). Let t be (-1)/f + (-2)/(-4). What is the units digit of (t + -2 - 3)*-1?
5
Let d(j) = 5*j**2 + 5*j - 34. What is the hundreds digit of d(8)?
3
Let b(q) = 2*q**2 - 4*q + 1. What is the units digit of b(3)?
7
Let n = 15 + -11. Suppose n*t - 8 = 32. What is the units digit of t?
0
Let m be (-5)/((-5)/2) + -8. Let q(u) = -u**2 - 8*u + 1. What is the units digit of q(m)?
3
Let p = -46 + 76. What is the tens digit of p?
3
Suppose -d + r = -42, 4*d + 0*r - 166 = 5*r. What is the tens digit of d?
4
What is the tens digit of 2/(-8) + 268/(-48)*-45?
5
Let a be 88/(-12) + 2/(-3). What is the units digit of a - -11 - (-100)/2?
3
Suppose 3*h - 12 = -3*f, 2*h = h + 2*f + 1. What is the units digit of h?
3
Suppose -9 = 3*b, 3*n + b = 6*b + 201. What is the tens digit of n?
6
Suppose 20 = -5*t, 14 + 0 = -3*x + t. Let u be 2/5 + x/(-10). Let z(v) = 7*v - 1. What is the units digit of z(u)?
6
Suppose 0 = 4*k + 5*f + 30 + 35, 2*f = -2. What is the tens digit of (-245)/k - (-2)/(-6)?
1
Suppose -2*b - 20 = -4*y + 32, -3*y - 2*b + 25 = 0. Suppose 11*z + y = 12*z. What is the units digit of z?
1
Let v(p) = p**3 + 2*p**2 + 2*p + 12. What is the units digit of v(0)?
2
Suppose 0 = -w + 6 - 3. Suppose 2*d + 74 = 2*y, 6 = y - w*d - 23. What is the units digit of y?
1
Let q(m) = 3*m - 1. Let v(c) = -25*c + 9. Let f(x) = -51*q(x) - 6*v(x). What is the units digit of f(-2)?
3
Suppose -4*d = 3*g - 94, 5*d + 51 = g + 7. Suppose -f + 4*j + 16 = -0*f, -3*f + 5*j + g = 0. What is the units digit of f?
8
Let r = -9 - -3. Let j(l) = l**2 + 3*l - 7. What is the units digit of j(r)?
1
Let v = 152 - 101. What is the units digit of v?
1
Suppose 434 + 78 = 4*a. What is the tens digit of a?
2
What is the units digit of (2/5)/((-5)/(-100))?
8
Suppose 4*n = p + 1 + 23, n = 2*p + 13. Suppose 6*k = n*k + 35. What is the tens digit of k?
3
Let d(j) = j - 3. Let s be d(8). Suppose -5*n + 81 = -n + t, s*n - t = 99. What is the tens digit of n?
2
Let s be -14*3/(-6) + 3. What is the units digit of 1*16 - (s + -10)?
6
Suppose -2*r + 28 = -0*r. Suppose -w + r = w. Suppose c = 5*z + 7, -2*c + z = -c - w. What is the units digit of c?
7
Let l be 18/(-8) - 2/(-8). Let z be 0 - (l + (3 - 1)). Suppose 5*a + 0*a - 30 = z. What is the units digit of a?
6
Let n = 32 + -20. Suppose y = 4*c - 5, -2*y + 0*y - c + 8 = 0. Let i = n + y. What is the units digit of i?
5
Suppose 0 = -23*p + 41 + 4950. What is the hundreds digit of p?
2
Suppose -x - 13 - 14 = -5*h, -2*h + 4*x + 18 = 0. Suppose 31 + 54 = h*g. What is the units digit of g?
7
Let a be ((-2)/(-3))/((-4)/(-6)). Let i be (-2 + a)/((-5)/(-85)). Let v = -10 - i. What is the units digit of v?
7
Suppose 6*o - 609 = -57. What is the tens digit of o?
9
Let g(z) = z. Let t(s) = s**2 - 5*s - 3. Let j(a) = 3*g(a) + t(a). Let p(f) = -f + 9. Let v be p(4). What is the units digit of j(v)?
2
Let k(o) = 43*o**3 - o**2 - o + 1. What is the tens digit of k(1)?
4
Suppose 0*g - 3*g + 9 = 0. Let u be -29 - (0 + (-6)/g). What is the units digit of u/(-3) - (-3)/(-3)?
8
Let s(q) = 6*q - 1. Let z be s(1). Suppose -z*o = a - 2, -3*o - 9 = -2*a + 8. What is the units digit of a?
7
Let y(k) = -k**3 - k**2 + 4*k + 2. Let a be y(-3). Let q(m) = -m**2 + 7*m + 5. Let p be q(a). Let h = 2 - p. What is the units digit of h?
5
Let k = 5 + -3. Let t be 86/10 - 2/(-5). Suppose 4*h - 7 = k*h - 5*r, -3*r = 2*h - t. What is the units digit of h?
6
Suppose -624 = -4*m - 4*v + 796, 4*m - 3*v = 1385. What is the units digit of m?
0
Let c be 13 + (-9)/(-3) - 3. What is the tens digit of (-579)/(-39) - (-2)/c?
1
Suppose -2*y = -0*y - 2. What is the units digit of y?
1
Let w be 5 + 6/(-5 - -2). Suppose 0 = -5*u - w*t + 2*t + 161, -4*t = 4*u - 132. What is the tens digit of u?
3
Let d be 10/20 - (-14)/(-4). Let s = 1 - d. What is the tens digit of 53/3 + s/(-6)?
1
Let i = 32 + -16. What is the tens digit of i?
1
Let c = 3 + 3. Let z = c + -2. What is the units digit of z?
4
Suppose 0 = 5*t - 2*f - 192, 4*f + 0*f = 16. What is the units digit of t?
0
Let a = -9 - -19. Let l(k) = -k**3 + 11*k**2 - 8*k - 9. What is the tens digit of l(a)?
1
Let f(a) = a**2 - 5*a - 7. Let n = 10 - -9. Let o = n - 12. What is the units digit of f(o)?
7
Suppose 138 - 3 = 5*q. Let r be 681/q + 2/(-9). Suppose k = -4*k + r. What is the units digit of k?
5
Let u = -130 + 246. What is the hundreds digit of u?
1
Let a = -4 + 4. Suppose a = -4*o + 14 + 22. What is the units digit of o?
9
Let v be (4 - (1 - 2)) + -3. Suppose v*y + 20 - 52 = 0. What is the tens digit of y?
1
Let a = -104 - -146. Suppose 12*i = 10*i + a. What is the units digit of i?
1
Let n = 7 - -6. Let m(b) = b**3 - 13*b**2 + 4. What is the units digit of m(n)?
4
Let o = 30 - 22. What is the units digit of o?
8
Let x(l) = 4*l**2 - 10*l - 4. Let g = -18 - -23. What is the tens digit of x(g)?
4
Let j(t) = -3*t - 15. What is the units digit of j(-28)?
9
Suppose 3*s - 6 = 9. Let q = s - 4. What is the units digit of q?
1
Let y = -1 + 8. Suppose -5*j = -y*j + 10. Suppose -2*t - 4*q = -7*t + 71, j*q + 20 = 0. What is the tens digit of t?
1
Suppose 30 = d + 4*d. Let f = d + -5. Let z = 3 - f. What is the units digit of z?
2
Let a = 2 - 12. What is the units digit of 2/(-2*2/a)?
5
Let n = -2 - -5. Let v be (-2)/(-5)*(2 + n). Suppose -v*y - 1 = -3. What is the units digit of y?
1
Suppose 5*b = -18 + 33. What is the units digit of b - 1 - 9/(-1)?
1
Let c(f) = -f**3 - 2*f**2 - f - 4. Let m = -8 + 12. Let i be (-12)/16*(m + 0). What is the units digit of c(i)?
8
Let p(u) = -u. Let i be p(3). What is the units digit of 1*i*(-16)/12?
4
Let p(f) = -f**3 + f**2 + 60. Let r be p(0). Suppose -3*c = o - 39, -2*o - c + 4*c = -r. What is the units digit of o?
3
Suppose 2*f - 12 = 3*f. What is the units digit of f/(-9)*3/2?
2
Suppose 0 = 4*v - 4, -4*n - 5*v + 788 + 333 = 0. What is the hundreds digit of n?
2
Suppose -4*z - 165 = -1. Let w = z + 71. What is the units digit of 35/w + 2/(-12)?
1
Let a = 1 - -1. Suppose a*y - 4 = 2. Let t(w) = 3*w - 4. What is the units digit of t(y)?
5
Let h(m) = m + 6. Suppose -z = 2*z. Let p be h(z). What is the units digit of ((-4)/p)/((-4)/30)?
5
Let s = -6 + 10. Suppose s*v - v - 87 = 0. What is the units digit of v?
9
Suppose -5*n + 0*n - 2*k = -22, -2*n = 5*k + 8. Let x = n - 12. What is the units digit of 64/6 + (-2)/x?
1
Let b(l) be the first derivative of l**4/12 + l**3/3 + l**2/2 - 1. Let g(z) be the second derivative of b(z). What is the units digit of g(2)?
6
Let s(v) = -v**2 - 7*v + 3. Let h be s(-7). Suppose h*f - 2*r + 0*r - 3 = 0, -5*r = 2*f - 21. What is the units digit of f?
3
What is the units digit of (-8 - -4) + 1*14?
0
Let v(n) = 4*n**3 - 2*n